{"id":1454,"date":"2025-09-06T13:43:45","date_gmt":"2025-09-06T11:43:45","guid":{"rendered":"https:\/\/www.marinaturro.com\/projecte\/arts-esceniques-21-i-22-mataro\/"},"modified":"2026-04-03T12:36:23","modified_gmt":"2026-04-03T10:36:23","slug":"arts-esceniques-21-i-22-mataro","status":"publish","type":"cpt_project","link":"https:\/\/www.marinaturro.com\/es\/projecte\/arts-esceniques-21-i-22-mataro\/","title":{"rendered":"Artes Esc\u00e9nicas en Matar\u00f3"},"content":{"rendered":"<p>Desarrollo de todas las aplicaciones para la campa\u00f1a de difusi\u00f3n de las Artes Esc\u00e9nicas de Matar\u00f3 durante 2021 y 2022. Se realiz\u00f3 el cat\u00e1logo de la <strong>Temporada Estable<\/strong>, el tr\u00edptico de <strong>Sortim en Fam\u00edlia<\/strong> y distintos soportes urbanos como torretes, opis y lonas para las tres \u00e1reas, incluyendo <strong>Fet a Matar\u00f3<\/strong>. <\/p>\n","protected":false},"featured_media":1455,"template":"","categoria-projectes":[30,33],"class_list":["post-1454","cpt_project","type-cpt_project","status-publish","has-post-thumbnail","hentry","categoria-projectes-campana","categoria-projectes-editorial"],"acf":[],"yoast_head":"<!-- This site is optimized with the Yoast SEO plugin v27.3 - https:\/\/yoast.com\/product\/yoast-seo-wordpress\/ -->\n<title>Artes Esc\u00e9nicas en Matar\u00f3 - Marina Turr\u00f3 Disseny Gr\u00e0fic i Il\u00b7lustraci\u00f3<\/title>\n<meta name=\"description\" content=\"Desarrollo de todas las aplicaciones para la campa\u00f1a de difusi\u00f3n de las Artes Esc\u00e9nicas de Matar\u00f3 durante 2021 y 2022. Se realiz\u00f3 el cat\u00e1logo de la\" \/>\n<meta name=\"robots\" content=\"index, follow, max-snippet:-1, max-image-preview:large, max-video-preview:-1\" \/>\n<link rel=\"canonical\" href=\"https:\/\/www.marinaturro.com\/es\/projecte\/arts-esceniques-21-i-22-mataro\/\" \/>\n<meta property=\"og:locale\" content=\"es_ES\" \/>\n<meta property=\"og:type\" content=\"article\" \/>\n<meta property=\"og:title\" content=\"Artes Esc\u00e9nicas en Matar\u00f3 - Marina Turr\u00f3 Disseny Gr\u00e0fic i Il\u00b7lustraci\u00f3\" \/>\n<meta property=\"og:description\" content=\"Desarrollo de todas las aplicaciones para la campa\u00f1a de difusi\u00f3n de las Artes Esc\u00e9nicas de Matar\u00f3 durante 2021 y 2022. Se realiz\u00f3 el cat\u00e1logo de la\" \/>\n<meta property=\"og:url\" content=\"https:\/\/www.marinaturro.com\/es\/projecte\/arts-esceniques-21-i-22-mataro\/\" \/>\n<meta property=\"og:site_name\" content=\"Marina Turr\u00f3 Disseny Gr\u00e0fic i Il\u00b7lustraci\u00f3\" \/>\n<meta property=\"article:modified_time\" content=\"2026-04-03T10:36:23+00:00\" \/>\n<meta property=\"og:image\" content=\"https:\/\/www.marinaturro.com\/wp-content\/uploads\/2025\/10\/\u00a9MTurro_ArtsEsceniques21_22_Galeria2.png\" \/>\n\t<meta property=\"og:image:width\" content=\"900\" \/>\n\t<meta property=\"og:image:height\" content=\"640\" \/>\n\t<meta property=\"og:image:type\" content=\"image\/png\" \/>\n<meta name=\"twitter:card\" content=\"summary_large_image\" \/>\n<script type=\"application\/ld+json\" class=\"yoast-schema-graph\">{\"@context\":\"https:\\\/\\\/schema.org\",\"@graph\":[{\"@type\":\"WebPage\",\"@id\":\"https:\\\/\\\/www.marinaturro.com\\\/es\\\/projecte\\\/arts-esceniques-21-i-22-mataro\\\/\",\"url\":\"https:\\\/\\\/www.marinaturro.com\\\/es\\\/projecte\\\/arts-esceniques-21-i-22-mataro\\\/\",\"name\":\"Artes Esc\u00e9nicas en Matar\u00f3 - Marina Turr\u00f3 Disseny Gr\u00e0fic i Il\u00b7lustraci\u00f3\",\"isPartOf\":{\"@id\":\"https:\\\/\\\/www.marinaturro.com\\\/es\\\/#website\"},\"primaryImageOfPage\":{\"@id\":\"https:\\\/\\\/www.marinaturro.com\\\/es\\\/projecte\\\/arts-esceniques-21-i-22-mataro\\\/#primaryimage\"},\"image\":{\"@id\":\"https:\\\/\\\/www.marinaturro.com\\\/es\\\/projecte\\\/arts-esceniques-21-i-22-mataro\\\/#primaryimage\"},\"thumbnailUrl\":\"https:\\\/\\\/www.marinaturro.com\\\/wp-content\\\/uploads\\\/2025\\\/10\\\/\u00a9MTurro_ArtsEsceniques21_22_Galeria2.png\",\"datePublished\":\"2025-09-06T11:43:45+00:00\",\"dateModified\":\"2026-04-03T10:36:23+00:00\",\"description\":\"Desarrollo de todas las aplicaciones para la campa\u00f1a de difusi\u00f3n de las Artes Esc\u00e9nicas de Matar\u00f3 durante 2021 y 2022. Se realiz\u00f3 el cat\u00e1logo de la\",\"breadcrumb\":{\"@id\":\"https:\\\/\\\/www.marinaturro.com\\\/es\\\/projecte\\\/arts-esceniques-21-i-22-mataro\\\/#breadcrumb\"},\"inLanguage\":\"es\",\"potentialAction\":[{\"@type\":\"ReadAction\",\"target\":[\"https:\\\/\\\/www.marinaturro.com\\\/es\\\/projecte\\\/arts-esceniques-21-i-22-mataro\\\/\"]}]},{\"@type\":\"ImageObject\",\"inLanguage\":\"es\",\"@id\":\"https:\\\/\\\/www.marinaturro.com\\\/es\\\/projecte\\\/arts-esceniques-21-i-22-mataro\\\/#primaryimage\",\"url\":\"https:\\\/\\\/www.marinaturro.com\\\/wp-content\\\/uploads\\\/2025\\\/10\\\/\u00a9MTurro_ArtsEsceniques21_22_Galeria2.png\",\"contentUrl\":\"https:\\\/\\\/www.marinaturro.com\\\/wp-content\\\/uploads\\\/2025\\\/10\\\/\u00a9MTurro_ArtsEsceniques21_22_Galeria2.png\",\"width\":900,\"height\":640,\"caption\":\"\u00a9MTurro ArtsEsceniques21 22 Galeria2\"},{\"@type\":\"BreadcrumbList\",\"@id\":\"https:\\\/\\\/www.marinaturro.com\\\/es\\\/projecte\\\/arts-esceniques-21-i-22-mataro\\\/#breadcrumb\",\"itemListElement\":[{\"@type\":\"ListItem\",\"position\":1,\"name\":\"Inici\",\"item\":\"https:\\\/\\\/www.marinaturro.com\\\/es\\\/\"},{\"@type\":\"ListItem\",\"position\":2,\"name\":\"Projectes\",\"item\":\"https:\\\/\\\/www.marinaturro.com\\\/es\\\/projecte\\\/\"},{\"@type\":\"ListItem\",\"position\":3,\"name\":\"Artes Esc\u00e9nicas en Matar\u00f3\"}]},{\"@type\":\"WebSite\",\"@id\":\"https:\\\/\\\/www.marinaturro.com\\\/es\\\/#website\",\"url\":\"https:\\\/\\\/www.marinaturro.com\\\/es\\\/\",\"name\":\"Marina Turr\u00f3 Disseny Gr\u00e0fic i Il\u00b7lustraci\u00f3\",\"description\":\"Disseny Gr\u00e0fic i Il\u00b7lustraci\u00f3 a Calella\",\"potentialAction\":[{\"@type\":\"SearchAction\",\"target\":{\"@type\":\"EntryPoint\",\"urlTemplate\":\"https:\\\/\\\/www.marinaturro.com\\\/es\\\/?s={search_term_string}\"},\"query-input\":{\"@type\":\"PropertyValueSpecification\",\"valueRequired\":true,\"valueName\":\"search_term_string\"}}],\"inLanguage\":\"es\"}]}<\/script>\n<!-- \/ Yoast SEO plugin. -->","yoast_head_json":{"title":"Artes Esc\u00e9nicas en Matar\u00f3 - Marina Turr\u00f3 Disseny Gr\u00e0fic i Il\u00b7lustraci\u00f3","description":"Desarrollo de todas las aplicaciones para la campa\u00f1a de difusi\u00f3n de las Artes Esc\u00e9nicas de Matar\u00f3 durante 2021 y 2022. Se realiz\u00f3 el cat\u00e1logo de la","robots":{"index":"index","follow":"follow","max-snippet":"max-snippet:-1","max-image-preview":"max-image-preview:large","max-video-preview":"max-video-preview:-1"},"canonical":"https:\/\/www.marinaturro.com\/es\/projecte\/arts-esceniques-21-i-22-mataro\/","og_locale":"es_ES","og_type":"article","og_title":"Artes Esc\u00e9nicas en Matar\u00f3 - Marina Turr\u00f3 Disseny Gr\u00e0fic i Il\u00b7lustraci\u00f3","og_description":"Desarrollo de todas las aplicaciones para la campa\u00f1a de difusi\u00f3n de las Artes Esc\u00e9nicas de Matar\u00f3 durante 2021 y 2022. Se realiz\u00f3 el cat\u00e1logo de la","og_url":"https:\/\/www.marinaturro.com\/es\/projecte\/arts-esceniques-21-i-22-mataro\/","og_site_name":"Marina Turr\u00f3 Disseny Gr\u00e0fic i Il\u00b7lustraci\u00f3","article_modified_time":"2026-04-03T10:36:23+00:00","og_image":[{"width":900,"height":640,"url":"https:\/\/www.marinaturro.com\/wp-content\/uploads\/2025\/10\/\u00a9MTurro_ArtsEsceniques21_22_Galeria2.png","type":"image\/png"}],"twitter_card":"summary_large_image","schema":{"@context":"https:\/\/schema.org","@graph":[{"@type":"WebPage","@id":"https:\/\/www.marinaturro.com\/es\/projecte\/arts-esceniques-21-i-22-mataro\/","url":"https:\/\/www.marinaturro.com\/es\/projecte\/arts-esceniques-21-i-22-mataro\/","name":"Artes Esc\u00e9nicas en Matar\u00f3 - Marina Turr\u00f3 Disseny Gr\u00e0fic i Il\u00b7lustraci\u00f3","isPartOf":{"@id":"https:\/\/www.marinaturro.com\/es\/#website"},"primaryImageOfPage":{"@id":"https:\/\/www.marinaturro.com\/es\/projecte\/arts-esceniques-21-i-22-mataro\/#primaryimage"},"image":{"@id":"https:\/\/www.marinaturro.com\/es\/projecte\/arts-esceniques-21-i-22-mataro\/#primaryimage"},"thumbnailUrl":"https:\/\/www.marinaturro.com\/wp-content\/uploads\/2025\/10\/\u00a9MTurro_ArtsEsceniques21_22_Galeria2.png","datePublished":"2025-09-06T11:43:45+00:00","dateModified":"2026-04-03T10:36:23+00:00","description":"Desarrollo de todas las aplicaciones para la campa\u00f1a de difusi\u00f3n de las Artes Esc\u00e9nicas de Matar\u00f3 durante 2021 y 2022. Se realiz\u00f3 el cat\u00e1logo de la","breadcrumb":{"@id":"https:\/\/www.marinaturro.com\/es\/projecte\/arts-esceniques-21-i-22-mataro\/#breadcrumb"},"inLanguage":"es","potentialAction":[{"@type":"ReadAction","target":["https:\/\/www.marinaturro.com\/es\/projecte\/arts-esceniques-21-i-22-mataro\/"]}]},{"@type":"ImageObject","inLanguage":"es","@id":"https:\/\/www.marinaturro.com\/es\/projecte\/arts-esceniques-21-i-22-mataro\/#primaryimage","url":"https:\/\/www.marinaturro.com\/wp-content\/uploads\/2025\/10\/\u00a9MTurro_ArtsEsceniques21_22_Galeria2.png","contentUrl":"https:\/\/www.marinaturro.com\/wp-content\/uploads\/2025\/10\/\u00a9MTurro_ArtsEsceniques21_22_Galeria2.png","width":900,"height":640,"caption":"\u00a9MTurro ArtsEsceniques21 22 Galeria2"},{"@type":"BreadcrumbList","@id":"https:\/\/www.marinaturro.com\/es\/projecte\/arts-esceniques-21-i-22-mataro\/#breadcrumb","itemListElement":[{"@type":"ListItem","position":1,"name":"Inici","item":"https:\/\/www.marinaturro.com\/es\/"},{"@type":"ListItem","position":2,"name":"Projectes","item":"https:\/\/www.marinaturro.com\/es\/projecte\/"},{"@type":"ListItem","position":3,"name":"Artes Esc\u00e9nicas en Matar\u00f3"}]},{"@type":"WebSite","@id":"https:\/\/www.marinaturro.com\/es\/#website","url":"https:\/\/www.marinaturro.com\/es\/","name":"Marina Turr\u00f3 Disseny Gr\u00e0fic i Il\u00b7lustraci\u00f3","description":"Disseny Gr\u00e0fic i Il\u00b7lustraci\u00f3 a Calella","potentialAction":[{"@type":"SearchAction","target":{"@type":"EntryPoint","urlTemplate":"https:\/\/www.marinaturro.com\/es\/?s={search_term_string}"},"query-input":{"@type":"PropertyValueSpecification","valueRequired":true,"valueName":"search_term_string"}}],"inLanguage":"es"}]}},"_links":{"self":[{"href":"https:\/\/www.marinaturro.com\/es\/wp-json\/wp\/v2\/cpt_project\/1454","targetHints":{"allow":["GET"]}}],"collection":[{"href":"https:\/\/www.marinaturro.com\/es\/wp-json\/wp\/v2\/cpt_project"}],"about":[{"href":"https:\/\/www.marinaturro.com\/es\/wp-json\/wp\/v2\/types\/cpt_project"}],"wp:featuredmedia":[{"embeddable":true,"href":"https:\/\/www.marinaturro.com\/es\/wp-json\/wp\/v2\/media\/1455"}],"wp:attachment":[{"href":"https:\/\/www.marinaturro.com\/es\/wp-json\/wp\/v2\/media?parent=1454"}],"wp:term":[{"taxonomy":"categoria-projectes","embeddable":true,"href":"https:\/\/www.marinaturro.com\/es\/wp-json\/wp\/v2\/categoria-projectes?post=1454"}],"curies":[{"name":"wp","href":"https:\/\/api.w.org\/{rel}","templated":true}]}}

Artes Escénicas en Mataró

<p>Desarrollo de todas las aplicaciones para la campaña de difusión de las Artes Escénicas de Mataró durante 2021 y 2022. Se realizó el catálogo de la <strong>Temporada Estable</strong>, el tríptico de <strong>Sortim en Família</strong> y distintos soportes urbanos como torretes, opis y lonas para las tres áreas, incluyendo <strong>Fet a Mataró</strong>. </p>

<!-- This site is optimized with the Yoast SEO plugin v27.3 - https://yoast.com/product/yoast-seo-wordpress/ -->
<title>Artes Escénicas en Mataró - Marina Turró Disseny Gràfic i Il·lustració</title>
<meta name="description" content="Desarrollo de todas las aplicaciones para la campaña de difusión de las Artes Escénicas de Mataró durante 2021 y 2022. Se realizó el catálogo de la" />
<meta name="robots" content="index, follow, max-snippet:-1, max-image-preview:large, max-video-preview:-1" />
<link rel="canonical" href="https://www.marinaturro.com/es/projecte/arts-esceniques-21-i-22-mataro/" />
<meta property="og:locale" content="es_ES" />
<meta property="og:type" content="article" />
<meta property="og:title" content="Artes Escénicas en Mataró - Marina Turró Disseny Gràfic i Il·lustració" />
<meta property="og:description" content="Desarrollo de todas las aplicaciones para la campaña de difusión de las Artes Escénicas de Mataró durante 2021 y 2022. Se realizó el catálogo de la" />
<meta property="og:url" content="https://www.marinaturro.com/es/projecte/arts-esceniques-21-i-22-mataro/" />
<meta property="og:site_name" content="Marina Turró Disseny Gràfic i Il·lustració" />
<meta property="article:modified_time" content="2026-04-03T10:36:23+00:00" />
<meta property="og:image" content="https://www.marinaturro.com/wp-content/uploads/2025/10/©MTurro_ArtsEsceniques21_22_Galeria2.png" />
	<meta property="og:image:width" content="900" />
	<meta property="og:image:height" content="640" />
	<meta property="og:image:type" content="image/png" />
<meta name="twitter:card" content="summary_large_image" />
<script type="application/ld+json" class="yoast-schema-graph">{"@context":"https:\/\/schema.org","@graph":[{"@type":"WebPage","@id":"https:\/\/www.marinaturro.com\/es\/projecte\/arts-esceniques-21-i-22-mataro\/","url":"https:\/\/www.marinaturro.com\/es\/projecte\/arts-esceniques-21-i-22-mataro\/","name":"Artes Escénicas en Mataró - Marina Turró Disseny Gràfic i Il·lustració","isPartOf":{"@id":"https:\/\/www.marinaturro.com\/es\/#website"},"primaryImageOfPage":{"@id":"https:\/\/www.marinaturro.com\/es\/projecte\/arts-esceniques-21-i-22-mataro\/#primaryimage"},"image":{"@id":"https:\/\/www.marinaturro.com\/es\/projecte\/arts-esceniques-21-i-22-mataro\/#primaryimage"},"thumbnailUrl":"https:\/\/www.marinaturro.com\/wp-content\/uploads\/2025\/10\/©MTurro_ArtsEsceniques21_22_Galeria2.png","datePublished":"2025-09-06T11:43:45+00:00","dateModified":"2026-04-03T10:36:23+00:00","description":"Desarrollo de todas las aplicaciones para la campaña de difusión de las Artes Escénicas de Mataró durante 2021 y 2022. Se realizó el catálogo de la","breadcrumb":{"@id":"https:\/\/www.marinaturro.com\/es\/projecte\/arts-esceniques-21-i-22-mataro\/#breadcrumb"},"inLanguage":"es","potentialAction":[{"@type":"ReadAction","target":["https:\/\/www.marinaturro.com\/es\/projecte\/arts-esceniques-21-i-22-mataro\/"]}]},{"@type":"ImageObject","inLanguage":"es","@id":"https:\/\/www.marinaturro.com\/es\/projecte\/arts-esceniques-21-i-22-mataro\/#primaryimage","url":"https:\/\/www.marinaturro.com\/wp-content\/uploads\/2025\/10\/©MTurro_ArtsEsceniques21_22_Galeria2.png","contentUrl":"https:\/\/www.marinaturro.com\/wp-content\/uploads\/2025\/10\/©MTurro_ArtsEsceniques21_22_Galeria2.png","width":900,"height":640,"caption":"©MTurro ArtsEsceniques21 22 Galeria2"},{"@type":"BreadcrumbList","@id":"https:\/\/www.marinaturro.com\/es\/projecte\/arts-esceniques-21-i-22-mataro\/#breadcrumb","itemListElement":[{"@type":"ListItem","position":1,"name":"Inici","item":"https:\/\/www.marinaturro.com\/es\/"},{"@type":"ListItem","position":2,"name":"Projectes","item":"https:\/\/www.marinaturro.com\/es\/projecte\/"},{"@type":"ListItem","position":3,"name":"Artes Escénicas en Mataró"}]},{"@type":"WebSite","@id":"https:\/\/www.marinaturro.com\/es\/#website","url":"https:\/\/www.marinaturro.com\/es\/","name":"Marina Turró Disseny Gràfic i Il·lustració","description":"Disseny Gràfic i Il·lustració a Calella","potentialAction":[{"@type":"SearchAction","target":{"@type":"EntryPoint","urlTemplate":"https:\/\/www.marinaturro.com\/es\/?s={search_term_string}"},"query-input":{"@type":"PropertyValueSpecification","valueRequired":true,"valueName":"search_term_string"}}],"inLanguage":"es"}]}</script>
<!-- / Yoast SEO plugin. -->

Artes Escénicas en Mataró - Marina Turró Disseny Gràfic i Il·lustració

Desarrollo de todas las aplicaciones para la campaña de difusión de las Artes Escénicas de Mataró durante 2021 y 2022. Se realizó el catálogo de la

Marina Turró Disseny Gràfic i Il·lustració

Disseny Gràfic i Il·lustració a Calella
